*w + 2*w - 306, -h*x - 168 = -w. Let n = 276 - w. What is the tens digit of n?
1
Let u(q) = 33 - 59 + 25*q**2 - 6*q - q**3 + 47 - 13*q**2. What is the hundreds digit of u(9)?
2
Suppose 12*b - 5*d + 7426 = 14*b, -3716 = -b - 3*d. What is the units digit of b?
8
What is the thousands digit of (292*(-167)/4)/((-1)/(-1)*-1)?
2
Let w(u) = 3642*u - 7616. What is the thousands digit of w(23)?
6
Let z(t) = t**3 + 31*t**2 + 73*t + 308. Let j be z(-28). Let d be 11 - (-1 - -1)/(-2). Suppose d*n + j = 15*n. What is the tens digit of n?
5
Let q = 168 - 106. Let i = q + -59. Suppose -2*o + 7*o - 392 = i*z, 2*o = -3*z + 140. What is the tens digit of o?
7
Let z(p) = 26*p**2 - 62*p + 22. What is the tens digit of z(8)?
9
Let c(b) = 12*b**2 + 115*b + 1299. What is the thousands digit of c(54)?
2
Let v(c) = c**2 + 25*c - 54. Let q be v(-38). Suppose 0 = q*r - 443*r + 162. What is the tens digit of r?
5
Suppose -2*s + 3 = -67. Let r = 37 - s. Suppose r*l - 131 = 113. What is the tens digit of l?
2
Let v = -308 - 124. Let p = 1389 + v. What is the tens digit of p?
5
Let d = 65 + -28. Let j = d + -34. Suppose h + j = 0, 2*h + 2*h - 70 = -i. What is the units digit of i?
2
Let s = -38977 + 67649. What is the hundreds digit of s?
6
Let a be 2*(55/10 - 4). Suppose -w = -x - a, -4*w + 12 = w - 2*x. What is the tens digit of (-1 + w)*180/4?
4
Suppose 4*c + 5*c - 360 = 0. Let i = 60 - c. What is the hundreds digit of i/(-5) + 1 - -163?
1
Suppose 4*n = -u + 356, u = -3*n - 4*u + 250. Let a = 51 - n. What is the units digit of (-513)/a + 4/(-26)?
3
Let i(s) = 2*s**2 - 8*s. Let q(k) = 19*k - 82. Let l be q(5). What is the hundreds digit of i(l)?
2
Suppose 15*v = 29*v. Suppose -5*c = -5*j - 8420, v*c - c = -4*j - 1699. What is the thousands digit of c?
1
Suppose -11*h + 13*h - 699 = 4819. What is the tens digit of h?
5
Let l(d) = -13*d - 25. Let m(u) = -u**2 - u + 1. Let k(q) = -l(q) - 2*m(q). Let t be 4 - 3 - -1 - 16. What is the hundreds digit of k(t)?
2
Let n(q) = 65*q**3 - 5*q + 1. Let f(i) = 131*i**3 - 9*i + 2. Let a(b) = 6*f(b) - 11*n(b). Let z be a(1). Suppose -z = 11*w - 12*w. What is the tens digit of w?
7
Suppose -5*v + 18 = z - v, -5*z + 4*v + 90 = 0. Suppose z*i = 2208 + 1680. What is the hundreds digit of i?
2
Let b(w) = w**3 - 12*w**2 - 25*w - 14. Let d be b(14). What is the units digit of ((46851/d)/(-23))/((-6)/56)?
9
Suppose -o + w + 129 = 0, 2*o - 4*w + 258 = 4*o. Let d = 217 - o. What is the units digit of d?
8
Let p be (3/(-12))/1 + 105/20. Suppose o + 2 = p. Suppose -o*q = -2*q - 59. What is the tens digit of q?
5
Suppose -183 = 5*h - 6*h + 3*t, 2*h - 386 = t. Suppose -5*o = d - h, -2*d - 2*d - 2*o = -798. What is the units digit of d?
0
Suppose -19915 = -73*l + 50895. What is the tens digit of l?
7
Let z(s) = 3*s**3 - 4*s**2 - 2*s + 805. What is the ten thousands digit of z(23)?
3
Suppose -181*r + 1276846 = -7936778. What is the tens digit of r?
0
Let f(s) = -s**3 - s**2 + 8. Let q be f(0). Suppose -1827 = q*w - 15*w. What is the tens digit of w?
6
Suppose 0 = -4*g + 3*f + 10, -g - 3*f = -11 + 1. Suppose -4*x + g*y + 3117 + 439 = 0, x = -4*y + 909. What is the tens digit of x?
9
Let i(b) = -3*b**2 + 5. Let y be i(-4). Let p(w) = -w**2 + 3*w + 28. Let t be p(-9). Let h = y - t. What is the units digit of h?
7
Suppose 4*d + 3*i - 20 + 1 = 0, 43 = 4*d - 5*i. Suppose 0 = -p + d*p - 648. Suppose b = -2*b, 3*q - 3*b = p. What is the tens digit of q?
3
Let o(w) = w**3 - 15*w**2 + 25*w + 15. Let f be o(13). Suppose -f*r = -r - l - 367, 2*r + 2*l - 754 = 0. What is the hundreds digit of r?
3
Let t(u) = 4*u - 60. Let m be t(16). Suppose f + m - 389 = 5*z, 0 = f + 2*z - 406. What is the units digit of f?
0
Suppose 5*q = -3*w - 49, -w = -5*q + 6*q + 11. What is the thousands digit of 8/(24 - q) - 11582/(-8)?
1
Let o(p) = -2*p**3 - 14*p**2 + 2. Let z be o(-7). What is the hundreds digit of (3 + (-3279)/6)*z*-1?
0
Let k(j) = 14192*j + 2364. What is the ten thousands digit of k(2)?
3
Suppose 3*u - 7 = 23. Let o(y) = 5 + 19*y + 12 - 21 + u. What is the tens digit of o(4)?
8
Suppose 0 = 46*k - 43*k - 141. Suppose -k*j + 52*j - 1500 = 0. What is the hundreds digit of j?
3
Let h = -26886 - -38581. What is the thousands digit of h?
1
Let q be (-36)/6 - (-16)/2. Suppose 2*k + 3*n - 2452 + 217 = 0, q*n = -3*k + 3365. What is the thousands digit of k?
1
Suppose 0 = 4*w, 2*w - 6*w + 29517 + 11876 = h. What is the ten thousands digit of h?
4
What is the ten thousands digit of ((-132)/63 - -2) + (-54504840)/(-4095)?
1
Suppose 68*t = 65*t + 24. Suppose -t - 12 = -5*j. Suppose -j*v + 357 = -v. What is the hundreds digit of v?
1
Suppose -3*d + 6*y - 22632 = -111744, 0 = -5*d + 2*y + 148552. What is the thousands digit of d?
9
Let n(u) = -2*u**2 + 0*u - 2*u + 3*u + 7 + 9*u**2 + u**3. Let x = 8 - 13. What is the units digit of n(x)?
2
Let a(j) = 43*j**2 + 1073*j + 170. What is the thousands digit of a(-32)?
9
Suppose -4701 = -10*b + 32148 + 26961. What is the thousands digit of b?
6
Let s(m) = -m**3 + 2*m**2 + 3*m - 7. Let v be s(3). Let r be v/(28/816)*2. What is the tens digit of r/(-17)*5/4?
3
Let y be -1 + 1 - (-2)/3*3. Let l be 20/(-8)*y*(-82)/10. Let g = 121 - l. What is the tens digit of g?
8
Suppose 3*g - 2605 = -2584. What is the units digit of 8 + -15 + g + 471?
1
Suppose 8845 = 5*v - 5*y, 4*v - 3*y = -v + 8835. What is the units digit of v?
4
Let j = 3 + 73. Suppose -j + 961 = 3*f. What is the units digit of f?
5
Suppose -3*j = 3*k - 150, -5*k + 166 = 4*j - 32. Suppose -9*t - j = -10*t. What is the tens digit of t?
5
Let k = 83600 - 57096. What is the thousands digit of k?
6
Suppose -2*o + 2*t = -7188, -2*t - 17976 = -3*o - 2*o. Suppose 3*r - 8*r - 887 = -b, o = 4*b - 4*r. What is the tens digit of b?
0
Let p be 6/4 + (63/18 - 1). What is the tens digit of (p/(-3) - -1) + (-13940)/(-51)?
7
Suppose -8*q + 2*l = -62726, 26*l + 31360 = 4*q + 22*l. What is the hundreds digit of q?
8
Let n(r) = 828*r + 379. What is the thousands digit of n(3)?
2
Let r be (9/((-27)/(-12)))/1. Suppose z + g = -r*g + 4, -5*g = 3*z + 28. Let y = 151 + z. What is the units digit of y?
5
Let i = -149 - -142. What is the units digit of i - 1/(5/(-1095))?
2
Let g(r) be the first derivative of 2 - 7*r - 1/2*r**2 + 2/3*r**3. What is the units digit of g(-7)?
8
Let q(h) = 7*h**2 + h - 7. Let i be q(2). Suppose z - 8 = 3*v, -v + 7 - i = -2*z. What is the hundreds digit of 168 + ((-24)/15)/(z/(-20))?
1
Let q be 5576/(-476) - (-4)/(-14). What is the units digit of q/22 + 18848/352?
3
Let m = -3595 - -7276. What is the tens digit of m?
8
Let i(n) = 147*n**2 + 30*n - 264. What is the hundreds digit of i(7)?
1
Let b(i) = -6133*i - 734. What is the hundreds digit of b(-4)?
7
Let v = 10 - -4. What is the units digit of 100*-3*v/(-12)?
0
Let a(n) = -143*n - 2068. What is the tens digit of a(-41)?
9
Let i(v) = v**3 - 20*v**2 - 22*v + 24. Let b be i(21). Suppose -34 = -b*g + k + k, -g = 4*k - 2. Suppose -352 = -g*a + 208. What is the units digit of a?
6
Let r(d) = 7*d**3 - 44*d + 5. Let c be r(6). Suppose -6*t + 13*t = c. What is the units digit of t?
9
Let n(o) = 8188*o - 8595. What is the hundreds digit of n(5)?
3
Let y = 8952 - 4478. What is the hundreds digit of y?
4
Suppose 35350 = 43*q + 159*q. What is the units digit of q?
5
Suppose 6*d - 23840 = -10*d. Suppose d + 1604 = 7*x. What is the hundreds digit of x?
4
What is the units digit of -3 - (-72416 + 40/(-12 + 22))?
9
Let f = -8163 + 14591. What is the units digit of f?
8
What is the units digit of (-4)/20 + (-9 - (-629984)/20)?
0
Let g = -27 + 32. Let o(x) = 11*x**2 - 3*x - 8. Let b be o(g). Suppose -10*f + 14*f - b = 0. What is the tens digit of f?
6
Let b(m) = -140*m**2 - 12*m - 78. Let q be b(-6). What is the hundreds digit of q/(0 + -6) + 8?
8
Suppose g + 8 = 4, -2*w - 5*g = 32. What is the hundreds digit of (1337/14)/((-3)/w)?
1
Let u = 676 + -673. Suppose r = -7*z + u*z + 1223, -5*z - 6015 = -5*r. What is the tens digit of r?
0
Let g(w) = w**3 - 28*w**2 + 23*w + 115. Let y be g(27). Let f(r) = -2 - 5*r**2 + 3*r**2 - 7*r + 4*r**2. What is the tens digit of f(y)?
4
What is the units digit of -2 - -8 - (-646 - 129)?
1
What is the tens digit of (6/(-8) + 1)*(380 - -64988)?
4
Suppose 4*q = -40*f + 37*f + 34447, -5*f + 57405 = 5*q. What is the units